*l - 2*f. List the prime factors of 2*(-1 - l/8).
3, 31
Suppose 4*b + 162 + 34 = 0. Let c(k) = 8*k**2 + 2*k - 1. Let m be c(3). Let a = m + b. List the prime factors of a.
2, 7
Let n(p) = -2*p**3 + 23*p**2 + 26*p - 18. What are the prime factors of n(11)?
389
Let d = -434 + 851. What are the prime factors of d?
3, 139
Let t(o) = o**3 + 10*o**2 + 7*o - 4. Suppose 3*a + 12 = 5*q, -2*a + 5*q - 21 = 2*a. Let m be t(a). Suppose b - m - 8 = 0. List the prime factors of b.
2, 11
Let w = 65 + -29. Let o(q) = 12*q**2 + 335*q - 35. Let v be o(-28). Let c = w + v. What are the prime factors of c?
29
Suppose 115*q = 113*q + 696. List the prime factors of q.
2, 3, 29
Suppose -1344 - 3273 = -9*i. List the prime factors of i.
3, 19
Let l(g) = g**3 - 7*g**2 + 4*g + 6. Let b be l(5). Let a be (-4)/(-20) - 516/30. Let o = a - b. List the prime factors of o.
7
Let b(m) be the third derivative of m**5/20 + 7*m**4/24 - m**3/2 - 32*m**2. List the prime factors of b(-9).
3, 59
Let g(m) = -278*m + 54. What are the prime factors of g(-13)?
2, 7, 131
Let t(i) = -i - 12. Let d be t(-8). Let r be (1 - -61)*d/(-8). Suppose -s + r = -j + 3*j, 0 = 4*j + 5*s - 59. What are the prime factors of j?
2
Let w be ((-3)/6*0)/(-3). Suppose a + w = 6. List the prime factors of ((-12)/8)/(a/(-16)).
2
Let z = 37 - -15. Suppose -2*h + 6*h + z = 0. What are the prime factors of ((-3 - 0) + h)/(-1)?
2
Let r = 6 - 6. Let b = r + 3. Suppose b*p - 83 - 10 = 0. What are the prime factors of p?
31
Let b(f) = 3*f**2 + 77*f + 115. What are the prime factors of b(-31)?
13, 47
Let u = -967 + 1439. What are the prime factors of u?
2, 59
Let a = 1189 - 568. List the prime factors of a.
3, 23
Let y(i) = 21*i**2 + i - 1. Suppose v - 3*a - 6 = 4, 5 = 2*v - a. What are the prime factors of y(v)?
3, 7
Let i be (-2 - (-1)/(-1)) + 5. Suppose -i*r - 55 + 149 = 0. What are the prime factors of r?
47
Suppose -u = 3*p - 529, -2*p - 1607 = -3*u - p. List the prime factors of u.
5, 107
Let a be (-4)/(-3)*(-1 + 4). Suppose 0 = 14*b + 6230 - 6258. List the prime factors of (-2 + a)*19/b.
19
Suppose -3*r = -3*o - 6, 4*r - 4 - 4 = 5*o. Suppose 0 = -g - o + 2. Suppose 0 = -4*y + g*d + 76, -4*d - 19 = y - 2*y. What are the prime factors of y?
19
Suppose 2*q - 4*o - 1826 = 0, 6*q = 5*q - 4*o + 907. List the prime factors of q.
911
Let m(f) = -3*f**2 - 5*f + 6. Let p be m(-3). Let k = p - -18. List the prime factors of k.
2, 3
Suppose 13*f - 12 = 11*f. What are the prime factors of f/(-24) + 677/4?
13
Let t(p) = 18*p + 9. Suppose 0 = -3*b - q + 14 - 1, -b - 5*q = -23. List the prime factors of t(b).
3, 7
Let p = 445 - 78. What are the prime factors of p?
367
Let h(v) = 12*v + 1. Let z be h(1). Suppose 0 = -115*w + 113*w + 12. Let m = z - w. List the prime factors of m.
7
Let g = 44 + -73. Let y = g + 55. List the prime factors of y.
2, 13
Let z(c) = -c**2 - 30*c + 17. Let n be z(-14). Suppose -4*j - 58 = -i + n, 2*i - 607 = 5*j. List the prime factors of i.
311
Suppose -3*f + 4 = -2. Suppose -52 = -f*j + 5*t, j + 3*t = 3*j - 60. Suppose 0 = 4*a - j - 0. List the prime factors of a.
3
Let d = 10 - 9. What are the prime factors of 4 - d/((-4)/324)?
5, 17
Suppose -49 = -4*a - 0*p - 5*p, -a - p + 13 = 0. Suppose -3*h + 717 = 5*s, -h + 5*h - a = 0. List the prime factors of s.
3, 47
Suppose 0 = -5*m + 7*m + 12. Let b(f) = -f**3 - 4*f**2 + 2*f + 5. What are the prime factors of b(m)?
5, 13
Let q = -1157 - -2326. What are the prime factors of q?
7, 167
Suppose -6*f = -3*f - 84. List the prime factors of 28/2*8/f.
2
Let j = -5682 + 10734. List the prime factors of j.
2, 3, 421
Let b be -2 - -173 - (-1 + -2). Let n = b - 67. Suppose 3*o - n = 2*s, -4*o - 79 + 215 = 4*s. What are the prime factors of o?
5, 7
Let k(x) = -2*x - 12. Let f be k(-8). Suppose 2*y - h - f*h + 6 = 0, 0 = h - 2. Suppose y*c = -0*c + 4, -g + 2*c = -23. List the prime factors of g.
3
Let n = -7 - -12. Let i be 7/5 - 2/n. Let p(x) = 68*x**2 - 4*x + 3. What are the prime factors of p(i)?
67
Suppose -4*h = 4*b - 640, 0 = -5*b - 3*h + 5*h + 793. What are the prime factors of b?
3, 53
Let p be (3 - -24*12) + -1 + 1. What are the prime factors of -3*(-4)/(36/p)?
97
Suppose 4*j + 2*p - 2332 = 0, -3*j + 268 = -p - 1471. List the prime factors of j.
7, 83
What are the prime factors of 70/7 - -568 - (4 + -1)?
5, 23
What are the prime factors of 1/((5/25)/((-117)/(-5)))?
3, 13
Let h be 6 + -10 - (-10 - 1). Let x(v) = -11*v**2 + 3*v. Let w be x(h). What are the prime factors of w/(-13) + (-10)/(-65)?
2, 5
Suppose -3*y = x - 1040, 0*y + 1042 = 3*y + 2*x. What are the prime factors of y?
2, 173
Suppose -5*g = -17 + 67. Let s(i) = 4*i**2 + 20*i + 24. List the prime factors of s(g).
2, 7
Suppose 398 = 2*s - x - 0*x, 4*x = s - 185. Suppose 14 = m + 4*f - 39, 4*m + 5*f - s = 0. List the prime factors of m.
7
Let i = 103 + -52. Let j = i - 29. What are the prime factors of j?
2, 11
Let w(v) = -2*v - 13. Let t be ((-20)/30)/((-4)/(-6)). Let f(a) = -a + 1. Let m(b) = t*w(b) + f(b). List the prime factors of m(7).
3, 7
Let f(y) = -3 + 7 + 19 - y. List the prime factors of f(-19).
2, 3, 7
Let s = -307 + 1518. List the prime factors of s.
7, 173
Let s(o) = -40 + 21 + 15 - 5*o**2 + 4*o + 4*o**3 + 3*o. List the prime factors of s(2).
2, 11
Suppose -4*p + s = -905, -3*p + 0*s = 4*s - 693. List the prime factors of p.
227
Let w(k) = -k - 5. Let i be w(-7). Suppose 3 = 4*v + 5*z, 0*v + 4*z = -v - i. List the prime factors of 4/(3 - 2/v).
2
What are the prime factors of -3 + 0 - -415 - 40/10?
2, 3, 17
Let l = 3547 + -1799. List the prime factors of l.
2, 19, 23
Let z(u) = -64*u - 3. Let v = -29 + 28. List the prime factors of z(v).
61
Suppose -563 = -q + 5*k + 602, 0 = 3*q + 5*k - 3495. What are the prime factors of q?
5, 233
Let f = 1 + 515. List the prime factors of f.
2, 3, 43
Let k = 5892 - 3308. List the prime factors of k.
2, 17, 19
Let z(v) = 6*v - 5. What are the prime factors of z(14)?
79
Suppose 5*j = 4*l - 119, -3*l - 5*j = -0*l - 63. Let k = l - -56. List the prime factors of k.
2, 41
Let k(a) = -a**2 - 18*a - 26. Let v be k(-19). Let i = 53 + v. What are the prime factors of i?
2
List the prime factors of (4*(-15)/90)/((-2)/14655).
5, 977
Suppose 1794*x = 1799*x - 6275. List the prime factors of x.
5, 251
Let x = -51 - -414. What are the prime factors of x?
3, 11
Let n = 6035 + 649. List the prime factors of n.
2, 3, 557
Let b = -637 - -818. List the prime factors of b.
181
Let p(r) = -4*r**2 - 9*r - 4. Let q(d) = d + 1. Let l(x) = -p(x) - 6*q(x). Let o be l(-4). Let b = -34 + o. What are the prime factors of b?
2
Let g = -654 - -141. List the prime factors of g/(-5 - -2) - -4.
5, 7
Suppose 9*t = 8*t. Suppose t = -6*x + 535 + 365. List the prime factors of x.
2, 3, 5
Suppose 0 = 4*o - 106 - 854. List the prime factors of o.
2, 3, 5
Let a(v) = 30*v**2 - 3*v + 5. Let o be a(-4). Suppose 3*s = -j + 120, -j = 3*j - 5*s - o. List the prime factors of j.
3, 41
Let y(n) = 7*n**2 + 22*n - 53. What are the prime factors of y(3)?
2, 19
Let w(a) = 57*a - 106. What are the prime factors of w(6)?
2, 59
Suppose -6*m = 9 - 93. Suppose -5*p - m = -3*z, 0*z = -3*z - p + 8. Suppose -3*v - 5*x + 99 = 0, 5*v - 175 = -z*x - 2*x. List the prime factors of v.
2, 19
Let p(k) = -94*k + 264. List the prime factors of p(-9).
2, 3, 5, 37
Let g(r) = 3*r - 11. Let b be g(6). Suppose -3*u = p - b*u - 237, -3*u = 3*p - 741. Suppose x + 4*x - p = 0. What are the prime factors of x?
7
Let r = -65 - -30. Let b = r - -43. What are the prime factors of b?
2
Suppose 10289 = 33*r - 41356. What are the prime factors of r?
5, 313
Let i(f) = f**3 - 9*f**2 + 6. Let a be i(9). Suppose -t + 4*t - a = 0. Suppose 4*h = -w - 2*w + 58, t*w = 3*h + 50. What are the prime factors of w?
2, 11
Suppose 2*x + q = 41, x - 3*q - 3 = -0*x. Let l = x + -12. Suppose 0 = -a + 5*s + 24, 2*a + 96 = l*a - 2*s. List the prime factors of a.
2, 3
Let q = -630 + 2729. What are the prime factors of q?
2099
Suppose -4*l = 14 - 30. List the prime factors of (-80)/(-30)*2/l*9.
2, 3
Let g = -278 + 528. Let m = g + -167. Suppose -5*h + 3*n + m = 0, 0*n - 72 = -4*h + n. List the prime factors of h.
19
Suppose 3*s - 58 - 245 = 0. Suppose -2*g + s = -3*x, -3*x - 97 = -g - 3*g. What are the prime factors of (-2)/5 - 1029/x?
29
Let i = -88 - -226